{"id":692,"date":"2025-10-22T22:24:06","date_gmt":"2025-10-22T22:24:06","guid":{"rendered":"https:\/\/medsol.cl\/?post_type=product&#038;p=692"},"modified":"2025-10-22T23:12:04","modified_gmt":"2025-10-22T23:12:04","slug":"desfibrilador-primedic-heartsave","status":"publish","type":"product","link":"https:\/\/medsol.cl\/index.php\/producto\/desfibrilador-primedic-heartsave\/","title":{"rendered":"Desfibrilador Primedic HeartSave"},"content":{"rendered":"<p><span class=\"a-list-item\">Nueva generaci\u00f3n de desfibriladores de primeros auxilios de Primedic Alemania ha sido especialmente desarrollada y optimizada para un amplio grupo de poblaci\u00f3n con diferentes habilidades de usuario. De un modo eficaz y eficiente.<\/span><\/p>\n<p>&nbsp;<\/p>\n<p><span class=\"a-list-item\">Multifuncional, con opci\u00f3n pluriling\u00fce, peque\u00f1o, ligero y robusto, el desfibrilador de primeros auxilios es la protecci\u00f3n \u00f3ptima para el hogar, empresas\/negocios, obras de construcci\u00f3n, instalaciones recreativas y educativas, municipales, etc.<\/span><\/p>\n<p>&nbsp;<\/p>\n<p><img fetchpriority=\"high\" decoding=\"async\" class=\"alignnone size-full wp-image-693\" src=\"https:\/\/medsol.cl\/wp-content\/uploads\/2025\/10\/ad884c7e-a416-4613-9b71-1af2bf3a7a24.__CR00500500_PT0_SX300_V1___.jpg\" alt=\"\" width=\"300\" height=\"300\" srcset=\"https:\/\/medsol.cl\/wp-content\/uploads\/2025\/10\/ad884c7e-a416-4613-9b71-1af2bf3a7a24.__CR00500500_PT0_SX300_V1___.jpg 300w, https:\/\/medsol.cl\/wp-content\/uploads\/2025\/10\/ad884c7e-a416-4613-9b71-1af2bf3a7a24.__CR00500500_PT0_SX300_V1___-150x150.jpg 150w, https:\/\/medsol.cl\/wp-content\/uploads\/2025\/10\/ad884c7e-a416-4613-9b71-1af2bf3a7a24.__CR00500500_PT0_SX300_V1___-100x100.jpg 100w, https:\/\/medsol.cl\/wp-content\/uploads\/2025\/10\/ad884c7e-a416-4613-9b71-1af2bf3a7a24.__CR00500500_PT0_SX300_V1___-64x64.jpg 64w\" sizes=\"(max-width: 300px) 100vw, 300px\" \/><span style=\"font-size: 1.5em; font-weight: bold;\">Desarrollado en Alemania, perfectamente calibrado y con numerosas facetas<\/span><\/p>\n<div class=\"apm-sidemodule-textright\">\n<p>1. Funcionamiento r\u00e1pido y sencillo<\/p>\n<p>2. Modo para ni\u00f1os y adultos<\/p>\n<p>3. Comprobaci\u00f3n autom\u00e1tica diaria<\/p>\n<p>4. Ajuste autom\u00e1tico del volumen<\/p>\n<\/div>\n","protected":false},"excerpt":{"rendered":"<p>Nueva generaci\u00f3n de desfibriladores de primeros auxilios de Primedic Alemania ha sido especialmente desarrollada y optimizada para un amplio grupo [&hellip;]<\/p>\n","protected":false},"featured_media":704,"comment_status":"open","ping_status":"closed","template":"","meta":{"site-sidebar-layout":"default","site-content-layout":"","ast-site-content-layout":"default","site-content-style":"default","site-sidebar-style":"default","ast-global-header-display":"","ast-banner-title-visibility":"","ast-main-header-display":"","ast-hfb-above-header-display":"","ast-hfb-below-header-display":"","ast-hfb-mobile-header-display":"","site-post-title":"","ast-breadcrumbs-content":"","ast-featured-img":"","footer-sml-layout":"","theme-transparent-header-meta":"default","adv-header-id-meta":"","stick-header-meta":"","header-above-stick-meta":"","header-main-stick-meta":"","header-below-stick-meta":"","astra-migrate-meta-layouts":"set","ast-page-background-enabled":"default","ast-page-background-meta":{"desktop":{"background-color":"var(--ast-global-color-5)","background-image":"","background-repeat":"repeat","background-position":"center center","background-size":"auto","background-attachment":"scroll","background-type":"","background-media":"","overlay-type":"","overlay-color":"","overlay-opacity":"","overlay-gradient":""},"tablet":{"background-color":"","background-image":"","background-repeat":"repeat","background-position":"center center","background-size":"auto","background-attachment":"scroll","background-type":"","background-media":"","overlay-type":"","overlay-color":"","overlay-opacity":"","overlay-gradient":""},"mobile":{"background-color":"","background-image":"","background-repeat":"repeat","background-position":"center center","background-size":"auto","background-attachment":"scroll","background-type":"","background-media":"","overlay-type":"","overlay-color":"","overlay-opacity":"","overlay-gradient":""}},"ast-content-background-meta":{"desktop":{"background-color":"var(--ast-global-color-4)","background-image":"","background-repeat":"repeat","background-position":"center center","background-size":"auto","background-attachment":"scroll","background-type":"","background-media":"","overlay-type":"","overlay-color":"","overlay-opacity":"","overlay-gradient":""},"tablet":{"background-color":"var(--ast-global-color-4)","background-image":"","background-repeat":"repeat","background-position":"center center","background-size":"auto","background-attachment":"scroll","background-type":"","background-media":"","overlay-type":"","overlay-color":"","overlay-opacity":"","overlay-gradient":""},"mobile":{"background-color":"var(--ast-global-color-4)","background-image":"","background-repeat":"repeat","background-position":"center center","background-size":"auto","background-attachment":"scroll","background-type":"","background-media":"","overlay-type":"","overlay-color":"","overlay-opacity":"","overlay-gradient":""}}},"product_brand":[],"product_cat":[25],"product_tag":[],"class_list":{"0":"post-692","1":"product","2":"type-product","3":"status-publish","4":"has-post-thumbnail","6":"product_cat-equipos-medicos","7":"desktop-align-left","8":"tablet-align-left","9":"mobile-align-left","11":"first","12":"instock","13":"shipping-taxable","14":"product-type-simple"},"yoast_head":"<!-- This site is optimized with the Yoast SEO plugin v25.8 - https:\/\/yoast.com\/wordpress\/plugins\/seo\/ -->\n<title>Desfibrilador Primedic HeartSave para Hogar y Empresas - Med Solutions<\/title>\n<meta name=\"description\" content=\"Descubre el Desfibrilador Primedic HeartSave, perfecto para cualquier usuario. Su eficiencia y funcionalidad te brindan tranquilidad en emergencias. \u23f1\ufe0f\" \/>\n<meta name=\"robots\" content=\"index, follow, max-snippet:-1, max-image-preview:large, max-video-preview:-1\" \/>\n<link rel=\"canonical\" href=\"https:\/\/medsol.cl\/index.php\/producto\/desfibrilador-primedic-heartsave\/\" \/>\n<meta property=\"og:locale\" content=\"es_ES\" \/>\n<meta property=\"og:type\" content=\"article\" \/>\n<meta property=\"og:title\" content=\"Desfibrilador Primedic HeartSave para Hogar y Empresas - Med Solutions\" \/>\n<meta property=\"og:description\" content=\"Descubre el Desfibrilador Primedic HeartSave, perfecto para cualquier usuario. Su eficiencia y funcionalidad te brindan tranquilidad en emergencias. \u23f1\ufe0f\" \/>\n<meta property=\"og:url\" content=\"https:\/\/medsol.cl\/index.php\/producto\/desfibrilador-primedic-heartsave\/\" \/>\n<meta property=\"og:site_name\" content=\"Med Solutions\" \/>\n<meta property=\"article:modified_time\" content=\"2025-10-22T23:12:04+00:00\" \/>\n<meta property=\"og:image\" content=\"https:\/\/medsol.cl\/wp-content\/uploads\/2025\/10\/1.jpg\" \/>\n\t<meta property=\"og:image:width\" content=\"1000\" \/>\n\t<meta property=\"og:image:height\" content=\"1000\" \/>\n\t<meta property=\"og:image:type\" content=\"image\/jpeg\" \/>\n<meta name=\"twitter:card\" content=\"summary_large_image\" \/>\n<meta name=\"twitter:label1\" content=\"Tiempo de lectura\" \/>\n\t<meta name=\"twitter:data1\" content=\"1 minuto\" \/>\n<script type=\"application\/ld+json\" class=\"yoast-schema-graph\">{\"@context\":\"https:\/\/schema.org\",\"@graph\":[{\"@type\":\"WebPage\",\"@id\":\"https:\/\/medsol.cl\/index.php\/producto\/desfibrilador-primedic-heartsave\/\",\"url\":\"https:\/\/medsol.cl\/index.php\/producto\/desfibrilador-primedic-heartsave\/\",\"name\":\"Desfibrilador Primedic HeartSave para Hogar y Empresas - Med Solutions\",\"isPartOf\":{\"@id\":\"https:\/\/medsol.cl\/#website\"},\"primaryImageOfPage\":{\"@id\":\"https:\/\/medsol.cl\/index.php\/producto\/desfibrilador-primedic-heartsave\/#primaryimage\"},\"image\":{\"@id\":\"https:\/\/medsol.cl\/index.php\/producto\/desfibrilador-primedic-heartsave\/#primaryimage\"},\"thumbnailUrl\":\"https:\/\/medsol.cl\/wp-content\/uploads\/2025\/10\/1.jpg\",\"datePublished\":\"2025-10-22T22:24:06+00:00\",\"dateModified\":\"2025-10-22T23:12:04+00:00\",\"description\":\"Descubre el Desfibrilador Primedic HeartSave, perfecto para cualquier usuario. Su eficiencia y funcionalidad te brindan tranquilidad en emergencias. \u23f1\ufe0f\",\"breadcrumb\":{\"@id\":\"https:\/\/medsol.cl\/index.php\/producto\/desfibrilador-primedic-heartsave\/#breadcrumb\"},\"inLanguage\":\"es\",\"potentialAction\":[{\"@type\":\"ReadAction\",\"target\":[\"https:\/\/medsol.cl\/index.php\/producto\/desfibrilador-primedic-heartsave\/\"]}]},{\"@type\":\"ImageObject\",\"inLanguage\":\"es\",\"@id\":\"https:\/\/medsol.cl\/index.php\/producto\/desfibrilador-primedic-heartsave\/#primaryimage\",\"url\":\"https:\/\/medsol.cl\/wp-content\/uploads\/2025\/10\/1.jpg\",\"contentUrl\":\"https:\/\/medsol.cl\/wp-content\/uploads\/2025\/10\/1.jpg\",\"width\":1000,\"height\":1000},{\"@type\":\"BreadcrumbList\",\"@id\":\"https:\/\/medsol.cl\/index.php\/producto\/desfibrilador-primedic-heartsave\/#breadcrumb\",\"itemListElement\":[{\"@type\":\"ListItem\",\"position\":1,\"name\":\"Portada\",\"item\":\"https:\/\/medsol.cl\/\"},{\"@type\":\"ListItem\",\"position\":2,\"name\":\"Tienda\",\"item\":\"https:\/\/medsol.cl\/index.php\/tienda\/\"},{\"@type\":\"ListItem\",\"position\":3,\"name\":\"Desfibrilador Primedic HeartSave\"}]},{\"@type\":\"WebSite\",\"@id\":\"https:\/\/medsol.cl\/#website\",\"url\":\"https:\/\/medsol.cl\/\",\"name\":\"Med Solutions\",\"description\":\"Tu Mejor Aliado\",\"publisher\":{\"@id\":\"https:\/\/medsol.cl\/#organization\"},\"potentialAction\":[{\"@type\":\"SearchAction\",\"target\":{\"@type\":\"EntryPoint\",\"urlTemplate\":\"https:\/\/medsol.cl\/?s={search_term_string}\"},\"query-input\":{\"@type\":\"PropertyValueSpecification\",\"valueRequired\":true,\"valueName\":\"search_term_string\"}}],\"inLanguage\":\"es\"},{\"@type\":\"Organization\",\"@id\":\"https:\/\/medsol.cl\/#organization\",\"name\":\"Med Solutions\",\"url\":\"https:\/\/medsol.cl\/\",\"logo\":{\"@type\":\"ImageObject\",\"inLanguage\":\"es\",\"@id\":\"https:\/\/medsol.cl\/#\/schema\/logo\/image\/\",\"url\":\"https:\/\/medsol.cl\/wp-content\/uploads\/2025\/07\/Logo-Med-Solutions-e1753134682177.png\",\"contentUrl\":\"https:\/\/medsol.cl\/wp-content\/uploads\/2025\/07\/Logo-Med-Solutions-e1753134682177.png\",\"width\":955,\"height\":867,\"caption\":\"Med Solutions\"},\"image\":{\"@id\":\"https:\/\/medsol.cl\/#\/schema\/logo\/image\/\"}}]}<\/script>\n<!-- \/ Yoast SEO plugin. -->","yoast_head_json":{"title":"Desfibrilador Primedic HeartSave para Hogar y Empresas - Med Solutions","description":"Descubre el Desfibrilador Primedic HeartSave, perfecto para cualquier usuario. Su eficiencia y funcionalidad te brindan tranquilidad en emergencias. \u23f1\ufe0f","robots":{"index":"index","follow":"follow","max-snippet":"max-snippet:-1","max-image-preview":"max-image-preview:large","max-video-preview":"max-video-preview:-1"},"canonical":"https:\/\/medsol.cl\/index.php\/producto\/desfibrilador-primedic-heartsave\/","og_locale":"es_ES","og_type":"article","og_title":"Desfibrilador Primedic HeartSave para Hogar y Empresas - Med Solutions","og_description":"Descubre el Desfibrilador Primedic HeartSave, perfecto para cualquier usuario. Su eficiencia y funcionalidad te brindan tranquilidad en emergencias. \u23f1\ufe0f","og_url":"https:\/\/medsol.cl\/index.php\/producto\/desfibrilador-primedic-heartsave\/","og_site_name":"Med Solutions","article_modified_time":"2025-10-22T23:12:04+00:00","og_image":[{"width":1000,"height":1000,"url":"https:\/\/medsol.cl\/wp-content\/uploads\/2025\/10\/1.jpg","type":"image\/jpeg"}],"twitter_card":"summary_large_image","twitter_misc":{"Tiempo de lectura":"1 minuto"},"schema":{"@context":"https:\/\/schema.org","@graph":[{"@type":"WebPage","@id":"https:\/\/medsol.cl\/index.php\/producto\/desfibrilador-primedic-heartsave\/","url":"https:\/\/medsol.cl\/index.php\/producto\/desfibrilador-primedic-heartsave\/","name":"Desfibrilador Primedic HeartSave para Hogar y Empresas - Med Solutions","isPartOf":{"@id":"https:\/\/medsol.cl\/#website"},"primaryImageOfPage":{"@id":"https:\/\/medsol.cl\/index.php\/producto\/desfibrilador-primedic-heartsave\/#primaryimage"},"image":{"@id":"https:\/\/medsol.cl\/index.php\/producto\/desfibrilador-primedic-heartsave\/#primaryimage"},"thumbnailUrl":"https:\/\/medsol.cl\/wp-content\/uploads\/2025\/10\/1.jpg","datePublished":"2025-10-22T22:24:06+00:00","dateModified":"2025-10-22T23:12:04+00:00","description":"Descubre el Desfibrilador Primedic HeartSave, perfecto para cualquier usuario. Su eficiencia y funcionalidad te brindan tranquilidad en emergencias. \u23f1\ufe0f","breadcrumb":{"@id":"https:\/\/medsol.cl\/index.php\/producto\/desfibrilador-primedic-heartsave\/#breadcrumb"},"inLanguage":"es","potentialAction":[{"@type":"ReadAction","target":["https:\/\/medsol.cl\/index.php\/producto\/desfibrilador-primedic-heartsave\/"]}]},{"@type":"ImageObject","inLanguage":"es","@id":"https:\/\/medsol.cl\/index.php\/producto\/desfibrilador-primedic-heartsave\/#primaryimage","url":"https:\/\/medsol.cl\/wp-content\/uploads\/2025\/10\/1.jpg","contentUrl":"https:\/\/medsol.cl\/wp-content\/uploads\/2025\/10\/1.jpg","width":1000,"height":1000},{"@type":"BreadcrumbList","@id":"https:\/\/medsol.cl\/index.php\/producto\/desfibrilador-primedic-heartsave\/#breadcrumb","itemListElement":[{"@type":"ListItem","position":1,"name":"Portada","item":"https:\/\/medsol.cl\/"},{"@type":"ListItem","position":2,"name":"Tienda","item":"https:\/\/medsol.cl\/index.php\/tienda\/"},{"@type":"ListItem","position":3,"name":"Desfibrilador Primedic HeartSave"}]},{"@type":"WebSite","@id":"https:\/\/medsol.cl\/#website","url":"https:\/\/medsol.cl\/","name":"Med Solutions","description":"Tu Mejor Aliado","publisher":{"@id":"https:\/\/medsol.cl\/#organization"},"potentialAction":[{"@type":"SearchAction","target":{"@type":"EntryPoint","urlTemplate":"https:\/\/medsol.cl\/?s={search_term_string}"},"query-input":{"@type":"PropertyValueSpecification","valueRequired":true,"valueName":"search_term_string"}}],"inLanguage":"es"},{"@type":"Organization","@id":"https:\/\/medsol.cl\/#organization","name":"Med Solutions","url":"https:\/\/medsol.cl\/","logo":{"@type":"ImageObject","inLanguage":"es","@id":"https:\/\/medsol.cl\/#\/schema\/logo\/image\/","url":"https:\/\/medsol.cl\/wp-content\/uploads\/2025\/07\/Logo-Med-Solutions-e1753134682177.png","contentUrl":"https:\/\/medsol.cl\/wp-content\/uploads\/2025\/07\/Logo-Med-Solutions-e1753134682177.png","width":955,"height":867,"caption":"Med Solutions"},"image":{"@id":"https:\/\/medsol.cl\/#\/schema\/logo\/image\/"}}]}},"_links":{"self":[{"href":"https:\/\/medsol.cl\/index.php\/wp-json\/wp\/v2\/product\/692","targetHints":{"allow":["GET"]}}],"collection":[{"href":"https:\/\/medsol.cl\/index.php\/wp-json\/wp\/v2\/product"}],"about":[{"href":"https:\/\/medsol.cl\/index.php\/wp-json\/wp\/v2\/types\/product"}],"replies":[{"embeddable":true,"href":"https:\/\/medsol.cl\/index.php\/wp-json\/wp\/v2\/comments?post=692"}],"wp:featuredmedia":[{"embeddable":true,"href":"https:\/\/medsol.cl\/index.php\/wp-json\/wp\/v2\/media\/704"}],"wp:attachment":[{"href":"https:\/\/medsol.cl\/index.php\/wp-json\/wp\/v2\/media?parent=692"}],"wp:term":[{"taxonomy":"product_brand","embeddable":true,"href":"https:\/\/medsol.cl\/index.php\/wp-json\/wp\/v2\/product_brand?post=692"},{"taxonomy":"product_cat","embeddable":true,"href":"https:\/\/medsol.cl\/index.php\/wp-json\/wp\/v2\/product_cat?post=692"},{"taxonomy":"product_tag","embeddable":true,"href":"https:\/\/medsol.cl\/index.php\/wp-json\/wp\/v2\/product_tag?post=692"}],"curies":[{"name":"wp","href":"https:\/\/api.w.org\/{rel}","templated":true}]}}